{"id":578,"date":"2026-03-30T17:59:03","date_gmt":"2026-03-30T15:59:03","guid":{"rendered":"https:\/\/ugnf-formation.fr\/?page_id=578"},"modified":"2026-03-31T10:03:42","modified_gmt":"2026-03-31T08:03:42","slug":"mentions-legales","status":"publish","type":"page","link":"https:\/\/ugnf-formation.fr\/index.php\/mentions-legales\/","title":{"rendered":"Mentions L\u00e9gales"},"content":{"rendered":"\t\t<div data-elementor-type=\"wp-page\" data-elementor-id=\"578\" class=\"elementor elementor-578\" data-elementor-post-type=\"page\">\n\t\t\t\t<div class=\"elementor-element elementor-element-1abd6071 e-flex e-con-boxed e-con e-parent\" data-id=\"1abd6071\" data-element_type=\"container\" data-settings=\"{&quot;ekit_has_onepagescroll_dot&quot;:&quot;yes&quot;}\">\n\t\t\t\t\t<div class=\"e-con-inner\">\n\t\t\t\t<div class=\"elementor-element elementor-element-183562b elementor-widget elementor-widget-heading\" data-id=\"183562b\" data-element_type=\"widget\" data-settings=\"{&quot;ekit_we_effect_on&quot;:&quot;none&quot;}\" data-widget_type=\"heading.default\">\n\t\t\t\t\t<h2 class=\"elementor-heading-title elementor-size-default\">Mentions l\u00e9gales<\/h2>\t\t\t\t<\/div>\n\t\t\t\t<div class=\"elementor-element elementor-element-6224a8d2 elementor-widget elementor-widget-text-editor\" data-id=\"6224a8d2\" data-element_type=\"widget\" data-settings=\"{&quot;ekit_we_effect_on&quot;:&quot;none&quot;}\" data-widget_type=\"text-editor.default\">\n\t\t\t\t\t\t\t\t\t<h2>1. \u00c9diteur du site<\/h2>\n<p>Le pr\u00e9sent site internet est \u00e9dit\u00e9 par :<\/p>\n<table><thead><tr><th><strong>Soci\u00e9t\u00e9<\/strong><\/th><th>C-CLERC SAS<\/th><\/tr><\/thead><tbody><tr><td><strong>Forme juridique<\/strong><\/td><td>Soci\u00e9t\u00e9 par Actions Simplifi\u00e9e (SAS)<\/td><\/tr><tr><td><strong>Si\u00e8ge social<\/strong><\/td><td>4 Boulevard des Sablons, 92200 Neuilly-sur-Seine<\/td><\/tr><tr><td><strong>SIRET<\/strong><\/td><td>949 182 737 00013<\/td><\/tr><tr><td><strong>RCS<\/strong><\/td><td>Nanterre 949 182 737<\/td><\/tr><tr><td><strong>Capital social<\/strong><\/td><td>1 240,20 \u20ac<\/td><\/tr><tr><td><strong>Pr\u00e9sident<\/strong><\/td><td>Leah Benguigui<\/td><\/tr><tr><td><strong>E-mail<\/strong><\/td><td>jacques@c-clerc.fr<\/td><\/tr><tr><td><strong>T\u00e9l\u00e9phone<\/strong><\/td><td>06 71 62 59 83<\/td><\/tr><\/tbody><\/table>\n<p>C-Clerc SAS est une agence sp\u00e9cialis\u00e9e dans la cr\u00e9ation et la gestion de sites internet pour les professions r\u00e9glement\u00e9es et les organismes de formation.<\/p>\n\n<h2>2. Responsable de la publication<\/h2>\n<p>Le responsable de la publication des contenus propres \u00e0 l&rsquo;organisme de formation est :<\/p>\n<table><thead><tr><th><strong>Organisme de formation<\/strong><\/th><th>UGNF-FORMATION<\/th><\/tr><\/thead><tbody><tr><td><strong>Dirigeant responsable<\/strong><\/td><td>Pascale CESSAC-MEYRIGNAC<\/td><\/tr><tr><td><strong>Qualit\u00e9<\/strong><\/td><td>Dirigeante de la soci\u00e9t\u00e9 civile UGNF-FORMATION<\/td><\/tr><tr><td><strong>Adresse<\/strong><\/td><td>73 Boulevard Malesherbes, 75008 Paris<\/td><\/tr><tr><td><strong>E-mail de contact<\/strong><\/td><td>contact@ugnf-formation.fr<\/td><\/tr><\/tbody><\/table>\n\n<h2>3. H\u00e9bergeur du site<\/h2>\n<p>Le site est h\u00e9berg\u00e9 par :<\/p>\n<table><thead><tr><th><strong>Soci\u00e9t\u00e9<\/strong><\/th><th>OVH SAS<\/th><\/tr><\/thead><tbody><tr><td><strong>Si\u00e8ge social<\/strong><\/td><td>2 rue Kellermann, 59100 Roubaix<\/td><\/tr><tr><td><strong>SIRET<\/strong><\/td><td>424 761 419 00045<\/td><\/tr><tr><td><strong>RCS<\/strong><\/td><td>Lille M\u00e9tropole 424 761 419<\/td><\/tr><tr><td><strong>Capital social<\/strong><\/td><td>10 069 020 \u20ac<\/td><\/tr><tr><td><strong>T\u00e9l\u00e9phone<\/strong><\/td><td>09 72 10 10 07<\/td><\/tr><tr><td><strong>Site web<\/strong><\/td><td>www.ovhcloud.com<\/td><\/tr><\/tbody><\/table>\n\n<h2>4. Propri\u00e9t\u00e9 intellectuelle<\/h2>\n<p>L&rsquo;ensemble des \u00e9l\u00e9ments constituant ce site (textes, photographies, vid\u00e9os, graphismes, logos, ic\u00f4nes, sons, logiciels, mise en page&#8230;) est la propri\u00e9t\u00e9 d&rsquo;UGNF-FORMATION, et est prot\u00e9g\u00e9 par les lois fran\u00e7aises et internationales relatives \u00e0 la propri\u00e9t\u00e9 intellectuelle.<\/p>\n<p>Toute reproduction, repr\u00e9sentation, modification, publication ou adaptation, totale ou partielle, de l&rsquo;un quelconque de ces \u00e9l\u00e9ments, quel que soit le moyen ou le proc\u00e9d\u00e9 utilis\u00e9, est strictement interdite.<\/p>\n\n<h2>5. Organisme de formation<\/h2>\n<p>UGNF-FORMATION est un organisme de formation professionnelle continue sp\u00e9cialis\u00e9 dans la formation des notaires et futurs notaires. La soci\u00e9t\u00e9 est d\u00e9clar\u00e9e aupr\u00e8s de la DREETS (num\u00e9ro de d\u00e9claration d&rsquo;activit\u00e9 en cours d&rsquo;obtention).<\/p>\n<table><thead><tr><th><strong>Raison sociale<\/strong><\/th><th>UGNF-FORMATION<\/th><\/tr><\/thead><tbody><tr><td><strong>Forme juridique<\/strong><\/td><td>Soci\u00e9t\u00e9 civile<\/td><\/tr><tr><td><strong>SIRET<\/strong><\/td><td>991 566 209 00011<\/td><\/tr><tr><td><strong>RCS<\/strong><\/td><td>991 566 209 R.C.S. Paris<\/td><\/tr><tr><td><strong>Capital social<\/strong><\/td><td>1 000,00 \u20ac<\/td><\/tr><tr><td><strong>Code NAF<\/strong><\/td><td>85.59A \u2014 Formation continue d&rsquo;adultes<\/td><\/tr><\/tbody><\/table>\n<p>Les informations pr\u00e9sentes sur ce site sont donn\u00e9es \u00e0 titre indicatif et ne sauraient constituer un engagement contractuel. Pour toute question relative aux formations propos\u00e9es, contactez directement UGNF-FORMATION.<\/p>\n\n<h2>6. Limitation de responsabilit\u00e9<\/h2>\n<p>C-Clerc SAS et UGNF-FORMATION s&rsquo;efforcent d&rsquo;assurer l&rsquo;exactitude et la mise \u00e0 jour des informations diffus\u00e9es sur ce site. Toutefois, C-Clerc SAS ne peut garantir l&rsquo;exactitude, la compl\u00e9tude ou l&rsquo;actualit\u00e9 des informations mises \u00e0 disposition, et d\u00e9cline toute responsabilit\u00e9 quant aux \u00e9ventuelles erreurs, omissions ou r\u00e9sultats pouvant \u00eatre obtenus par l&rsquo;utilisation de ces informations.<\/p>\n<p>C-Clerc SAS ne saurait \u00eatre tenu responsable de tout dommage, direct ou indirect, quelles qu&rsquo;en soient les causes, origines, natures ou cons\u00e9quences, en ce compris notamment les pertes d&rsquo;exploitation ou la perte de donn\u00e9es, occasionn\u00e9(e) \u00e0 raison de l&rsquo;acc\u00e8s de toute personne au site ou de l&rsquo;impossibilit\u00e9 d&rsquo;y acc\u00e9der.<\/p>\n\n<h2>7. Liens hypertextes<\/h2>\n<p>Ce site peut contenir des liens hypertextes renvoyant vers des sites internet tiers. C-Clerc SAS n&rsquo;exerce aucun contr\u00f4le sur ces sites et d\u00e9cline toute responsabilit\u00e9 quant \u00e0 leur contenu ou leur disponibilit\u00e9.<\/p>\n<p>La cr\u00e9ation de liens hypertextes pointant vers ce site est soumise \u00e0 l&rsquo;autorisation pr\u00e9alable et \u00e9crite de C-Clerc SAS.<\/p>\n\n<h2>8. Droit applicable \u2014 M\u00e9diation<\/h2>\n<p>Les pr\u00e9sentes mentions l\u00e9gales sont r\u00e9gies par le droit fran\u00e7ais. En cas de litige, les tribunaux fran\u00e7ais seront seuls comp\u00e9tents.<\/p>\n<p>Conform\u00e9ment aux articles L.616-1 et R.616-1 du code de la consommation, C-Clerc SAS propose un dispositif de m\u00e9diation de la consommation. Tout consommateur a le droit de recourir gratuitement \u00e0 ce service de m\u00e9diation.<\/p>\n\n<p><em>Mis \u00e0 jour : mars 2026 \u2014 Conformit\u00e9 RGPD &amp; loi LCEN<\/em><\/p>\t\t\t\t\t\t\t\t<\/div>\n\t\t\t\t\t<\/div>\n\t\t\t\t<\/div>\n\t\t\t\t<\/div>\n\t\t","protected":false},"excerpt":{"rendered":"<p>Mentions l\u00e9gales 1. \u00c9diteur du site Le pr\u00e9sent site internet est \u00e9dit\u00e9 par : Soci\u00e9t\u00e9 C-CLERC SAS Forme juridique Soci\u00e9t\u00e9 par Actions Simplifi\u00e9e (SAS) Si\u00e8ge social 4 Boulevard des Sablons, 92200 Neuilly-sur-Seine SIRET 949 182 737 00013 RCS Nanterre 949 182 737 Capital social 1 240,20 \u20ac Pr\u00e9sident Leah Benguigui E-mail jacques@c-clerc.fr T\u00e9l\u00e9phone 06 71 [&hellip;]<\/p>\n","protected":false},"author":1,"featured_media":0,"parent":0,"menu_order":0,"comment_status":"closed","ping_status":"closed","template":"","meta":{"footnotes":""},"class_list":["post-578","page","type-page","status-publish","hentry"],"_links":{"self":[{"href":"https:\/\/ugnf-formation.fr\/index.php\/wp-json\/wp\/v2\/pages\/578","targetHints":{"allow":["GET"]}}],"collection":[{"href":"https:\/\/ugnf-formation.fr\/index.php\/wp-json\/wp\/v2\/pages"}],"about":[{"href":"https:\/\/ugnf-formation.fr\/index.php\/wp-json\/wp\/v2\/types\/page"}],"author":[{"embeddable":true,"href":"https:\/\/ugnf-formation.fr\/index.php\/wp-json\/wp\/v2\/users\/1"}],"replies":[{"embeddable":true,"href":"https:\/\/ugnf-formation.fr\/index.php\/wp-json\/wp\/v2\/comments?post=578"}],"version-history":[{"count":4,"href":"https:\/\/ugnf-formation.fr\/index.php\/wp-json\/wp\/v2\/pages\/578\/revisions"}],"predecessor-version":[{"id":583,"href":"https:\/\/ugnf-formation.fr\/index.php\/wp-json\/wp\/v2\/pages\/578\/revisions\/583"}],"wp:attachment":[{"href":"https:\/\/ugnf-formation.fr\/index.php\/wp-json\/wp\/v2\/media?parent=578"}],"curies":[{"name":"wp","href":"https:\/\/api.w.org\/{rel}","templated":true}]}}