{"id":534,"date":"2026-03-26T18:18:00","date_gmt":"2026-03-26T17:18:00","guid":{"rendered":"https:\/\/ugnf-formation.fr\/?page_id=534"},"modified":"2026-03-30T10:04:43","modified_gmt":"2026-03-30T08:04:43","slug":"contact-copy","status":"publish","type":"page","link":"https:\/\/ugnf-formation.fr\/index.php\/contact-copy\/","title":{"rendered":"Inscription formation"},"content":{"rendered":"\t\t<div data-elementor-type=\"wp-page\" data-elementor-id=\"534\" class=\"elementor elementor-534\" data-elementor-post-type=\"page\">\n\t\t\t\t<div class=\"elementor-element elementor-element-79563279 e-con-full e-flex e-con e-parent\" data-id=\"79563279\" data-element_type=\"container\" data-settings=\"{&quot;background_background&quot;:&quot;classic&quot;,&quot;ekit_has_onepagescroll_dot&quot;:&quot;yes&quot;}\">\n\t\t<div class=\"elementor-element elementor-element-2b3306be e-con-full e-flex e-con e-child\" data-id=\"2b3306be\" data-element_type=\"container\" data-settings=\"{&quot;background_background&quot;:&quot;classic&quot;,&quot;ekit_has_onepagescroll_dot&quot;:&quot;yes&quot;}\">\n\t\t\t\t<div class=\"elementor-element elementor-element-3f4aac42 elementor-widget elementor-widget-heading\" data-id=\"3f4aac42\" data-element_type=\"widget\" data-settings=\"{&quot;ekit_we_effect_on&quot;:&quot;none&quot;}\" data-widget_type=\"heading.default\">\n\t\t\t\t\t<h1 class=\"elementor-heading-title elementor-size-default\">Formation : Communication Manag\u00e9riale<\/h1>\t\t\t\t<\/div>\n\t\t\t\t<div class=\"elementor-element elementor-element-5a20cc19 elementor-widget elementor-widget-heading\" data-id=\"5a20cc19\" data-element_type=\"widget\" data-settings=\"{&quot;ekit_we_effect_on&quot;:&quot;none&quot;}\" data-widget_type=\"heading.default\">\n\t\t\t\t\t<p class=\"elementor-heading-title elementor-size-default\">Nous sommes \u00e0 votre disposition pour toute question concernant nos formations, les inscriptions ou l\u2019accompagnement de votre office.\nN\u2019h\u00e9sitez pas \u00e0 nous contacter via le formulaire ci-dessous : notre \u00e9quipe vous r\u00e9pondra dans les meilleurs d\u00e9lais.\n\n<br><br>\ncontact@ugnf-formation.fr<br><br>\n \nNum\u00e9ro de t\u00e9l\u00e9phone : 01 43 87 96 70\n \n<\/p>\t\t\t\t<\/div>\n\t\t\t\t<div class=\"elementor-element elementor-element-94dfcb1 elementor-widget elementor-widget-button\" data-id=\"94dfcb1\" data-element_type=\"widget\" data-settings=\"{&quot;ekit_we_effect_on&quot;:&quot;none&quot;}\" data-widget_type=\"button.default\">\n\t\t\t\t\t\t\t\t\t\t<a class=\"elementor-button elementor-button-link elementor-size-sm\" href=\"https:\/\/ugnf-formation.fr\/wp-content\/uploads\/2026\/03\/Fiche-PROGRAMME_COMMUNICATION-MANAGERIALE-1.pdf\">\n\t\t\t\t\t\t<span class=\"elementor-button-content-wrapper\">\n\t\t\t\t\t\t\t\t\t<span class=\"elementor-button-text\">Acc\u00e9der au programme de la formation<\/span>\n\t\t\t\t\t<\/span>\n\t\t\t\t\t<\/a>\n\t\t\t\t\t\t\t\t<\/div>\n\t\t\t\t<\/div>\n\t\t<div class=\"elementor-element elementor-element-13f90d6c e-con-full e-flex e-con e-child\" data-id=\"13f90d6c\" data-element_type=\"container\" data-settings=\"{&quot;ekit_has_onepagescroll_dot&quot;:&quot;yes&quot;}\">\n\t\t\t\t<div class=\"elementor-element elementor-element-59efe2f4 elementor-button-align-start elementor-tablet-button-align-center elementor-widget elementor-widget-form\" data-id=\"59efe2f4\" data-element_type=\"widget\" data-settings=\"{&quot;step_next_label&quot;:&quot;Next&quot;,&quot;step_previous_label&quot;:&quot;Previous&quot;,&quot;button_width&quot;:&quot;100&quot;,&quot;step_type&quot;:&quot;number_text&quot;,&quot;step_icon_shape&quot;:&quot;circle&quot;,&quot;ekit_we_effect_on&quot;:&quot;none&quot;}\" data-widget_type=\"form.default\">\n\t\t\t\t\t\t\t<form class=\"elementor-form\" method=\"post\" name=\"Contact Form\" aria-label=\"Contact Form\">\n\t\t\t<input type=\"hidden\" name=\"post_id\" value=\"534\"\/>\n\t\t\t<input type=\"hidden\" name=\"form_id\" value=\"59efe2f4\"\/>\n\t\t\t<input type=\"hidden\" name=\"referer_title\" value=\"Inscription formation\" \/>\n\n\t\t\t\t\t\t\t<input type=\"hidden\" name=\"queried_id\" value=\"534\"\/>\n\t\t\t\n\t\t\t<div class=\"elementor-form-fields-wrapper elementor-labels-\">\n\t\t\t\t\t\t\t\t<div class=\"elementor-field-type-text elementor-field-group elementor-column elementor-field-group-field_b743cd7 elementor-col-50 elementor-field-required\">\n\t\t\t\t\t\t\t\t\t\t\t\t<label for=\"form-field-field_b743cd7\" class=\"elementor-field-label elementor-screen-only\">\n\t\t\t\t\t\t\t\tNom\t\t\t\t\t\t\t<\/label>\n\t\t\t\t\t\t\t\t\t\t\t\t\t\t<input size=\"1\" type=\"text\" name=\"form_fields[field_b743cd7]\" id=\"form-field-field_b743cd7\" class=\"elementor-field elementor-size-sm  elementor-field-textual\" placeholder=\"Nom et pr\u00e9nom*\" required=\"required\">\n\t\t\t\t\t\t\t\t\t\t\t<\/div>\n\t\t\t\t\t\t\t\t<div class=\"elementor-field-type-text elementor-field-group elementor-column elementor-field-group-field_639c126 elementor-col-100 elementor-field-required\">\n\t\t\t\t\t\t\t\t\t\t\t\t<label for=\"form-field-field_639c126\" class=\"elementor-field-label elementor-screen-only\">\n\t\t\t\t\t\t\t\tEtude Notariale\t\t\t\t\t\t\t<\/label>\n\t\t\t\t\t\t\t\t\t\t\t\t\t\t<input size=\"1\" type=\"text\" name=\"form_fields[field_639c126]\" id=\"form-field-field_639c126\" class=\"elementor-field elementor-size-sm  elementor-field-textual\" placeholder=\"\u00c9tude Notariale*\" required=\"required\">\n\t\t\t\t\t\t\t\t\t\t\t<\/div>\n\t\t\t\t\t\t\t\t<div class=\"elementor-field-type-text elementor-field-group elementor-column elementor-field-group-field_de34722 elementor-col-100\">\n\t\t\t\t\t\t\t\t\t\t\t\t<label for=\"form-field-field_de34722\" class=\"elementor-field-label elementor-screen-only\">\n\t\t\t\t\t\t\t\tAdresse professionnelle*\t\t\t\t\t\t\t<\/label>\n\t\t\t\t\t\t\t\t\t\t\t\t\t\t<input size=\"1\" type=\"text\" name=\"form_fields[field_de34722]\" id=\"form-field-field_de34722\" class=\"elementor-field elementor-size-sm  elementor-field-textual\" placeholder=\"Adresse professionnelle*\">\n\t\t\t\t\t\t\t\t\t\t\t<\/div>\n\t\t\t\t\t\t\t\t<div class=\"elementor-field-type-email elementor-field-group elementor-column elementor-field-group-email elementor-col-50 elementor-field-required\">\n\t\t\t\t\t\t\t\t\t\t\t\t<label for=\"form-field-email\" class=\"elementor-field-label elementor-screen-only\">\n\t\t\t\t\t\t\t\tEmail\t\t\t\t\t\t\t<\/label>\n\t\t\t\t\t\t\t\t\t\t\t\t\t\t<input size=\"1\" type=\"email\" name=\"form_fields[email]\" id=\"form-field-email\" class=\"elementor-field elementor-size-sm  elementor-field-textual\" placeholder=\"Email*\" required=\"required\">\n\t\t\t\t\t\t\t\t\t\t\t<\/div>\n\t\t\t\t\t\t\t\t<div class=\"elementor-field-type-tel elementor-field-group elementor-column elementor-field-group-field_6c180a9 elementor-col-50 elementor-field-required\">\n\t\t\t\t\t\t\t\t\t\t\t\t<label for=\"form-field-field_6c180a9\" class=\"elementor-field-label elementor-screen-only\">\n\t\t\t\t\t\t\t\tT\u00e9l\u00e9phone\t\t\t\t\t\t\t<\/label>\n\t\t\t\t\t\t\t\t<input size=\"1\" type=\"tel\" name=\"form_fields[field_6c180a9]\" id=\"form-field-field_6c180a9\" class=\"elementor-field elementor-size-sm  elementor-field-textual\" placeholder=\"T\u00e9l\u00e9phone*\" required=\"required\" pattern=\"[0-9()#&amp;+*-=.]+\" title=\"Only numbers and phone characters (#, -, *, etc) are accepted.\">\n\n\t\t\t\t\t\t<\/div>\n\t\t\t\t\t\t\t\t<div class=\"elementor-field-type-text elementor-field-group elementor-column elementor-field-group-field_9ce78c3 elementor-col-100\">\n\t\t\t\t\t\t\t\t\t\t\t\t<label for=\"form-field-field_9ce78c3\" class=\"elementor-field-label elementor-screen-only\">\n\t\t\t\t\t\t\t\tNum\u00e9ro de RCS\u00a0:\t\t\t\t\t\t\t<\/label>\n\t\t\t\t\t\t\t\t\t\t\t\t\t\t<input size=\"1\" type=\"text\" name=\"form_fields[field_9ce78c3]\" id=\"form-field-field_9ce78c3\" class=\"elementor-field elementor-size-sm  elementor-field-textual\" placeholder=\"Num\u00e9ro de RCS\u00a0:*\">\n\t\t\t\t\t\t\t\t\t\t\t<\/div>\n\t\t\t\t\t\t\t\t<div class=\"elementor-field-type-checkbox elementor-field-group elementor-column elementor-field-group-field_f842698 elementor-col-100\">\n\t\t\t\t\t\t\t\t\t\t\t\t<label for=\"form-field-field_f842698\" class=\"elementor-field-label elementor-screen-only\">\n\t\t\t\t\t\t\t\tinscription\t\t\t\t\t\t\t<\/label>\n\t\t\t\t\t\t<div class=\"elementor-field-subgroup  \"><span class=\"elementor-field-option\"><input type=\"checkbox\" value=\"Je souhaite souhaite m\u2019inscrire \u00e0 la formation \u00ab Communication manag\u00e9riale \u00bb du 28\/04\/2026, offerte par GU\u00c9NIFEY.\" id=\"form-field-field_f842698-0\" name=\"form_fields[field_f842698]\"> <label for=\"form-field-field_f842698-0\">Je souhaite souhaite m\u2019inscrire \u00e0 la formation \u00ab Communication manag\u00e9riale \u00bb du 28\/04\/2026, offerte par GU\u00c9NIFEY.<\/label><\/span><\/div>\t\t\t\t<\/div>\n\t\t\t\t\t\t\t\t<div class=\"elementor-field-group elementor-column elementor-field-type-submit elementor-col-100 e-form__buttons\">\n\t\t\t\t\t<button class=\"elementor-button elementor-size-sm\" type=\"submit\">\n\t\t\t\t\t\t<span class=\"elementor-button-content-wrapper\">\n\t\t\t\t\t\t\t\t\t\t\t\t\t\t\t\t\t\t\t\t\t\t<span class=\"elementor-button-text\">Envoyer<\/span>\n\t\t\t\t\t\t\t\t\t\t\t\t\t<\/span>\n\t\t\t\t\t<\/button>\n\t\t\t\t<\/div>\n\t\t\t<\/div>\n\t\t<\/form>\n\t\t\t\t\t\t<\/div>\n\t\t\t\t<\/div>\n\t\t\t\t<\/div>\n\t\t<div class=\"elementor-element elementor-element-f8216ec e-flex e-con-boxed e-con e-parent\" data-id=\"f8216ec\" data-element_type=\"container\" data-settings=\"{&quot;ekit_has_onepagescroll_dot&quot;:&quot;yes&quot;}\">\n\t\t\t\t\t<div class=\"e-con-inner\">\n\t\t<div class=\"elementor-element elementor-element-ffeccbf e-con-full e-flex e-con e-child\" data-id=\"ffeccbf\" data-element_type=\"container\" data-settings=\"{&quot;ekit_has_onepagescroll_dot&quot;:&quot;yes&quot;}\">\n\t\t\t\t<div class=\"elementor-element elementor-element-0e8f407 elementor-widget elementor-widget-image\" data-id=\"0e8f407\" data-element_type=\"widget\" data-settings=\"{&quot;ekit_we_effect_on&quot;:&quot;none&quot;}\" data-widget_type=\"image.default\">\n\t\t\t\t\t\t\t\t\t\t\t\t\t\t\t<img fetchpriority=\"high\" decoding=\"async\" width=\"615\" height=\"580\" src=\"https:\/\/ugnf-formation.fr\/wp-content\/uploads\/2026\/03\/LOGO-HYGGE.png\" class=\"attachment-large size-large wp-image-554\" alt=\"\" srcset=\"https:\/\/ugnf-formation.fr\/wp-content\/uploads\/2026\/03\/LOGO-HYGGE.png 615w, https:\/\/ugnf-formation.fr\/wp-content\/uploads\/2026\/03\/LOGO-HYGGE-300x283.png 300w\" sizes=\"(max-width: 615px) 100vw, 615px\" \/>\t\t\t\t\t\t\t\t\t\t\t\t\t\t\t<\/div>\n\t\t\t\t<\/div>\n\t\t<div class=\"elementor-element elementor-element-087217f e-con-full e-flex e-con e-child\" data-id=\"087217f\" data-element_type=\"container\" data-settings=\"{&quot;ekit_has_onepagescroll_dot&quot;:&quot;yes&quot;}\">\n\t\t\t\t<div class=\"elementor-element elementor-element-3225791 elementor-widget elementor-widget-image\" data-id=\"3225791\" data-element_type=\"widget\" data-settings=\"{&quot;ekit_we_effect_on&quot;:&quot;none&quot;}\" data-widget_type=\"image.default\">\n\t\t\t\t\t\t\t\t\t\t\t\t\t\t\t<img decoding=\"async\" width=\"800\" height=\"676\" src=\"https:\/\/ugnf-formation.fr\/wp-content\/uploads\/2026\/03\/Guenifey-logo-VIOLET-1-1024x865.png\" class=\"attachment-large size-large wp-image-555\" alt=\"\" srcset=\"https:\/\/ugnf-formation.fr\/wp-content\/uploads\/2026\/03\/Guenifey-logo-VIOLET-1-1024x865.png 1024w, https:\/\/ugnf-formation.fr\/wp-content\/uploads\/2026\/03\/Guenifey-logo-VIOLET-1-300x253.png 300w, https:\/\/ugnf-formation.fr\/wp-content\/uploads\/2026\/03\/Guenifey-logo-VIOLET-1-768x649.png 768w, https:\/\/ugnf-formation.fr\/wp-content\/uploads\/2026\/03\/Guenifey-logo-VIOLET-1-1536x1298.png 1536w, https:\/\/ugnf-formation.fr\/wp-content\/uploads\/2026\/03\/Guenifey-logo-VIOLET-1.png 1593w\" sizes=\"(max-width: 800px) 100vw, 800px\" \/>\t\t\t\t\t\t\t\t\t\t\t\t\t\t\t<\/div>\n\t\t\t\t<\/div>\n\t\t\t\t\t<\/div>\n\t\t\t\t<\/div>\n\t\t<div class=\"elementor-element elementor-element-4b59fce e-flex e-con-boxed e-con e-parent\" data-id=\"4b59fce\" data-element_type=\"container\" data-settings=\"{&quot;ekit_has_onepagescroll_dot&quot;:&quot;yes&quot;}\">\n\t\t\t\t\t<div class=\"e-con-inner\">\n\t\t\t\t<div class=\"elementor-element elementor-element-71af727 elementor-widget elementor-widget-text-editor\" data-id=\"71af727\" data-element_type=\"widget\" data-settings=\"{&quot;ekit_we_effect_on&quot;:&quot;none&quot;}\" data-widget_type=\"text-editor.default\">\n\t\t\t\t\t\t\t\t\t<table width=\"112%\"><tbody><tr><td width=\"33%\"><p><strong>Intitul\u00e9 de la formation<\/strong><\/p><p>\u00a0<\/p><\/td><td width=\"66%\"><p><strong>Communication manag\u00e9riale<\/strong><\/p><\/td><\/tr><tr><td width=\"33%\"><p><strong>Comp\u00e9tences vis\u00e9es <\/strong><\/p><p>\u00a0<\/p><\/td><td width=\"66%\"><p>o\u00a0\u00a0 Adopter une communication manag\u00e9riale qui favorise la performance et l&rsquo;engagement de ses collaborateurs<\/p><p>o\u00a0\u00a0 Pr\u00e9venir et d\u00e9samorcer les sources de tension dans ses interactions<\/p><\/td><\/tr><tr><td width=\"33%\"><p><strong>Objectifs p\u00e9dagogiques et op\u00e9rationnels<\/strong><\/p><p>\u00a0<\/p><\/td><td width=\"66%\"><p>o\u00a0\u00a0 Conduire un entretien de feedback structur\u00e9 (positif et correctif)<\/p><p>o\u00a0\u00a0 Rep\u00e9rer les \u00e9l\u00e9ments de communication g\u00e9n\u00e9rateurs de tensions<\/p><p>o\u00a0\u00a0 Mettre en \u0153uvre une m\u00e9thode permettant de communiquer en situation de tension ou d&rsquo;insatisfaction sans escalade<\/p><p><strong>A l&rsquo;issue de la formation, le participant sera capable de\u00a0:<\/strong><\/p><p>o\u00a0\u00a0 Conduire un feedback<\/p><p>o\u00a0\u00a0 Limiter les sources de tension induites par sa communication<\/p><p>o\u00a0\u00a0 Aborder une situation de tension et d&rsquo;insatisfaction<\/p><\/td><\/tr><tr><td colspan=\"2\" width=\"100%\"><p><strong>Programme d\u00e9taill\u00e9<\/strong><\/p><p>o\u00a0\u00a0 Introduction, cadre de la formation<\/p><p>o\u00a0\u00a0 Auto-positionnement des participants<\/p><p>o\u00a0\u00a0 Les ingr\u00e9dients essentiels de la communication manag\u00e9riale<\/p><p>o\u00a0\u00a0 Utilit\u00e9 et technique du feed-back<\/p><p>o\u00a0\u00a0 Exp\u00e9rimentations<\/p><p>o\u00a0\u00a0 Prendre conscience des sources de tension induites par sa communication<\/p><p>o\u00a0\u00a0 Quiz<\/p><p>o\u00a0\u00a0 D\u00e9couvrir et exp\u00e9rimenter la m\u00e9thode OSBD pour communiquer en situation de tension<\/p><p>o\u00a0\u00a0 \u00c9valuation des acquis et de la satisfaction<\/p><p>o\u00a0\u00a0 Cl\u00f4ture<\/p><\/td><\/tr><\/tbody><\/table><p>\u00a0<\/p><table width=\"112%\"><tbody><tr><td width=\"33%\"><p><strong>Dur\u00e9e (en jour et en heure)<\/strong><\/p><\/td><td width=\"66%\"><p>\u00bd journ\u00e9e \/ 4 heures<\/p><\/td><\/tr><tr><td width=\"33%\"><p><strong>Public concern\u00e9<\/strong><\/p><\/td><td width=\"66%\"><p>Toute personne concern\u00e9e par la communication manag\u00e9riale<\/p><\/td><\/tr><tr><td width=\"33%\"><p><strong>Pr\u00e9requis <\/strong><\/p><\/td><td width=\"66%\"><p>Aucun pr\u00e9requis n\u2019est n\u00e9cessaire<\/p><\/td><\/tr><tr><td width=\"33%\"><p><strong>D\u00e9lais d\u2019acc\u00e8s\u00a0 <\/strong><\/p><\/td><td width=\"66%\"><p>7 jours minimum entre l\u2019inscription et le jour de la formation<\/p><\/td><\/tr><tr><td width=\"33%\"><p><strong>Dates et horaires<\/strong><\/p><\/td><td width=\"66%\"><p>28 avril 2026 de 14h \u00e0 18h<\/p><\/td><\/tr><tr><td width=\"33%\"><p><strong>Lieu de la formation<\/strong><\/p><\/td><td width=\"66%\"><p>Mama Shelter 13 Rue Domer, 69007 Lyon<\/p><\/td><\/tr><tr><td width=\"33%\"><p><strong>Tarif <\/strong><\/p><\/td><td width=\"66%\"><p>Formation financ\u00e9e par l\u2019Etude g\u00e9n\u00e9alogique GUENIFEY<\/p><\/td><\/tr><tr><td width=\"33%\"><p><strong>Contact <\/strong><\/p><\/td><td width=\"66%\"><p>Guillaume BETEMPS\u00a0: 01 43 87 96 70\u00a0 &#8211; formation@ugnf-formation.fr<\/p><\/td><\/tr><tr><td width=\"33%\"><p><strong>Accessibilit\u00e9 aux personnes en situation de handicap\u00a0<\/strong><\/p><\/td><td width=\"66%\"><p>Nous contacter en cas de besoin d\u2019accessibilit\u00e9 particulier pour un participant\u00a0<\/p><\/td><\/tr><tr><td width=\"33%\"><p><strong>Modalit\u00e9s d\u2019\u00e9valuation d\u2019atteinte des objectifs de la formation<\/strong><\/p><\/td><td width=\"66%\"><p>Un outil d\u2019\u00e9valuation des acquis est utilis\u00e9 pour valider l\u2019acquisition du contenu de la formation.<\/p><\/td><\/tr><tr><td width=\"33%\"><p><strong>Formalisation \u00e0 l\u2019issue de la formation<\/strong><\/p><\/td><td width=\"66%\"><p>Attestation de fin de formation<\/p><\/td><\/tr><tr><td width=\"33%\"><p><strong>Modalit\u00e9s p\u00e9dagogiques<\/strong><\/p><\/td><td width=\"66%\"><p>o\u00a0\u00a0 Des acquisitions de connaissances et de savoir-faire<\/p><p>o\u00a0\u00a0 Des ateliers de mise en pratique<\/p><p>o\u00a0\u00a0 Des s\u00e9quences d&rsquo;intelligence collective pour permettre aux participants de partager leurs situations et de trouver des solutions<\/p><\/td><\/tr><\/tbody><\/table>\t\t\t\t\t\t\t\t<\/div>\n\t\t\t\t\t<\/div>\n\t\t\t\t<\/div>\n\t\t\t\t<\/div>\n\t\t","protected":false},"excerpt":{"rendered":"<p>Formation : Communication Manag\u00e9riale Nous sommes \u00e0 votre disposition pour toute question concernant nos formations, les inscriptions ou l\u2019accompagnement de votre office. N\u2019h\u00e9sitez pas \u00e0 nous contacter via le formulaire ci-dessous : notre \u00e9quipe vous r\u00e9pondra dans les meilleurs d\u00e9lais. contact@ugnf-formation.fr Num\u00e9ro de t\u00e9l\u00e9phone : 01 43 87 96 70 Acc\u00e9der au programme de la [&hellip;]<\/p>\n","protected":false},"author":1,"featured_media":0,"parent":0,"menu_order":0,"comment_status":"closed","ping_status":"closed","template":"","meta":{"footnotes":""},"class_list":["post-534","page","type-page","status-publish","hentry"],"_links":{"self":[{"href":"https:\/\/ugnf-formation.fr\/index.php\/wp-json\/wp\/v2\/pages\/534","targetHints":{"allow":["GET"]}}],"collection":[{"href":"https:\/\/ugnf-formation.fr\/index.php\/wp-json\/wp\/v2\/pages"}],"about":[{"href":"https:\/\/ugnf-formation.fr\/index.php\/wp-json\/wp\/v2\/types\/page"}],"author":[{"embeddable":true,"href":"https:\/\/ugnf-formation.fr\/index.php\/wp-json\/wp\/v2\/users\/1"}],"replies":[{"embeddable":true,"href":"https:\/\/ugnf-formation.fr\/index.php\/wp-json\/wp\/v2\/comments?post=534"}],"version-history":[{"count":33,"href":"https:\/\/ugnf-formation.fr\/index.php\/wp-json\/wp\/v2\/pages\/534\/revisions"}],"predecessor-version":[{"id":577,"href":"https:\/\/ugnf-formation.fr\/index.php\/wp-json\/wp\/v2\/pages\/534\/revisions\/577"}],"wp:attachment":[{"href":"https:\/\/ugnf-formation.fr\/index.php\/wp-json\/wp\/v2\/media?parent=534"}],"curies":[{"name":"wp","href":"https:\/\/api.w.org\/{rel}","templated":true}]}}